s 0 + 1 + (30 - 28)?
3
What is the value of -4 - (-6 + 12 - 3 - 7)?
0
Evaluate -6 + 1 + 3 + 4 + 2.
4
-3 + 5 + -3 + -1 - -5
3
What is the value of (-17 - -6) + (6 - 1)?
-6
What is -3 + 3 + (0 - (1 + 0))?
-1
Evaluate (1 - 6) + (6 - 5 - 3).
-7
What is (-1 - -6) + 19 + -22?
2
(4 - (3 + -2)) + 2 + -2
3
What is the value of -1 + 0 + (12 - 17 - -10)?
4
Calculate 10 - 6 - (0 + 2).
2
What is the value of 2 - 1 - (9 - (-8 - -10))?
-6
Calculate -9 + 1 + -6 + (18 - 7).
-3
What is 12 + -14 + (0 - 1) + -2?
-5
Calculate 7 + -2 + -2 + -1 + -1.
1
What is (5 - 7) + 0 - (1 + -7)?
4
What is the value of 0 + -8 + 4 - 0?
-4
-2 + -3 - (-4 + -5 - -1)
3
Evaluate -5 + (-3 - (1 + -5)).
-4
Calculate -4 + (-1 - -2) + 1.
-2
What is the value of -4 - (-10 + -1 + 5)?
2
-3 + 5 + -2 - -5
5
Evaluate -1 + (1 - -1) - 2.
-1
Evaluate 9 + (2 - -2 - 8).
5
What is -5 + 5 - (3 + 2 + -4)?
-1
Evaluate 1 + 4 + -6 + 17 + -14.
2
What is the value of 4 - (-1 + 10 + -13)?
8
Calculate -1 + (-4 + -1 - -2).
-4
Calculate (1 - 2) + 0 - (3 - 5).
1
Calculate (0 - (7 - (-5 + 5))) + 5.
-2
Calculate 7 + 5 + -1 + -6.
5
What is 5 - 0 - ((-18 - -1) + 15)?
7
What is 0 - -1 - (-2 + 6)?
-3
Evaluate (-4 - (1 - -4)) + (-1 - -3).
-7
6 + -6 + (-7 - -11)
4
What is -21 - -24 - (-2 - 1)?
6
What is (-1 - 7) + (21 - 23)?
-10
Calculate -17 + -3 - (-11 + -1).
-8
What is the value of (3 - -2) + (-6 - -3)?
2
What is 1 + 8 - (9 - 1)?
1
What is 5 + -4 + -1 + (-2 - -4)?
2
What is the value of -120 + 130 - (4 + (1 - 3))?
8
What is -6 + 1 - (-8 - (-14 + 9))?
-2
Calculate 1 + -3 - (-2 - (2 - 1)).
1
What is the value of -20 - -18 - (1 - 5)?
2
What is -47 - -36 - (3 + -21)?
7
0 + 14 + -8 - (5 - 3)
4
Calculate -6 + (4 - ((12 - 5) + -6)).
-3
Evaluate (2 + -3 - 3) + 3 - 5.
-6
Calculate 10 + -1 - (-119 - -130).
-2
Evaluate 2 + -5 + -3 + (2 - 0).
-4
What is the value of -2 + 0 + 28 + -26?
0
Evaluate 8 + -1 - (16 - 14).
5
Evaluate -7 + 2 + (-16 - -25).
4
Calculate -2 + 4 + -6 + 19 - 7.
8
Evaluate -10 + (6 - 7) + 6.
-5
Calculate -9 - (1 - -1) - (164 + -169).
-6
2 - (3 + (0 - 0) - -3)
-4
What is the value of (-11 - -2) + 2 - -9?
2
Evaluate 0 - 3 - (0 + -6).
3
What is the value of (-3 - 0 - -4) + -2?
-1
-8 - (-7 + -7 + 15)
-9
Evaluate (-4 - 1) + (6 - (9 - 2)).
-6
What is the value of 3 - (6 + -5 - (1 - 1))?
2
What is the value of -4 - (2 - (5 - -4))?
3
Calculate -3 + -2 - (0 + -3 + 4).
-6
4 - (-7 + -1 + 4 - -6)
2
What is the value of -1 + 5 + (4 - 3)?
5
What is 3 - (9 - 5) - (-1 - -1)?
-1
What is the value of (-6 + 2 - -4) + -2?
-2
What is 5 - (1 + (1 - (9 - 6)))?
6
0 + -6 - (2 + -7 + -5)
4
What is the value of 1 - 1 - 2 - (53 + -53)?
-2
What is -16 - (-14 - -1) - (-2 - 0)?
-1
-7 + 10 + 1 + -7
-3
Evaluate -1 - (4 - 4) - (0 - -4).
-5
11 + -7 + 3 - 1
6
Evaluate -8 + 4 + (4 + 1 - 3).
-2
-4 + -12 + 25 + -14
-5
Evaluate -5 + -5 + 4 + 5 + 0.
-1
Evaluate -4 + 1 + -6 + (3 - -1).
-5
What is the value of (0 - (4 + (0 - 3))) + 3?
2
Evaluate 0 + 1 + 1 + 3.
5
-5 - (5 - 4 - 7)
1
What is the value of -4 - 1 - -3 - (0 + 2)?
-4
What is -16 + (1 + -4 - (22 - 33))?
-8
Calculate 10 - (4 + -4 + 4).
6
What is the value of (8 - (3 + 3 + -2)) + -5?
-1
Evaluate 4 + (4 - 7) + 0 + 1.
2
What is 4 + -1 - 2 - (-3 - -2)?
2
Calculate -4 - (-2 + 2 - 8).
4
-9 + 1 + (5 - (4 - 2))
-5
Calculate (-1 - -2) + 0 - (-5 - -5).
1
What is the value of -4 - (-4 - -3 - (0 - -3))?
0
Evaluate -5 + 7 - (-3 - 1).
6
Calculate -8 - ((16 - 17) + (-6 - 1)).
0
Evaluate 1 - (3 + 1 + (16 - 14)).
-5
What is the value of -7 + (-2 - -2) + 4?
-3
2 - ((10 + 1 - 1) + -1)
-7
What is the value of 10 - (5 - -8) - -10?
7
What is the value of -4 + (4 - (-3 + -4 + 2))?
5
9 - (9 - (1 - -9))
10
(2 - -4) + (0 + -7 - 3)
-4
Calculate -1 + (0 + -2 - (-3 + 3)).
-3
What is the value of 0 + -5 + (-19 - (-20 - 1))?
-3
Evaluate 0 + 2 - (-8 + 14) - -6.
2
What is the value of -2 - ((1 - 5) + 0 + 1)?
1
What is the value of 2 - (3 + -2) - -2?
3
Evaluate 5 + 2 + (-1 - 2) - 4.
0
What is the value of (-13 - -17) + (-9 - -2)?
-3
-1 + 5 + 2 - 11 - -6
1
Calculate 44 + -40 + (0 - 1).
3
What is the value of (-3 - (2 - (1 + -1))) + 4?
-1
Evaluate -14 + (1 - -6) - -4.
-3
Calculate -3 - ((5 - -1) + -12).
3
What is 2 - (-11 + (12 - 4))?
5
What is 27 + -21 + (-7 - 1)?
-2
What is 7 + 4 - (7 - 6)?
10
Calculate (0 + 7 - 1) + -6.
0
Evaluate -2 + -2 + -7 + (25 - 6).
8
What is the value of (5 - 5 - 1) + -3?
-4
What is 16 - (9 - 1) - 6?
2
1 + 2 + 12 + -5 - 4
6
What is (4 - -3) + -6 - (1 + -9)?
9
What is the value of (-2 - (-3 + 1)) + (-24 - -26)?
2
8 + 4 - 4 - (5 + -3)
6
2 + -1 + (-1 - 0)
0
What is the value of 33 + -12 + -4 - 9?
8
Evaluate -2 - 1 - (19 + -22).
0
Evaluate 0 + 2 - (5 - (-6 + 10)).
1
(0 - 10) + -71 + 79
-2
What is the value of -4 - (0 + -4 + 3)?
-3
What is the value of 0 - 2 - (11 - (0 - -10))?
-3
What is the value of -5 - -3 - (-3 - -5)?
-4
Evaluate 11 + (3 - 6 - 3) - 6.
-1
Evaluate -38 - -35 - (1 - 6).
2
What is (-12 - -15 - 10) + 13?
6
9 + -13 + 8 + -6
-2
What is -3 - -1 - (1 + 0) - -7?
4
What is (2 - -4) + -2 + -9?
-5
Calculate 0 + -4 - (1 - 4).
-1
What is -2 + -6 - -1 - -2 - -7?
2
Evaluate -6 + -2 - (-48 + 36).
4
Calculate 6 + (0 - 5) + -5 - -6.
2
Evaluate -7 - (1 + -2 - 3).
-3
Calculate (-11 + -3 - -2) + 10.
-2
What is the value of -11 - -13 - (7 + -2) - -2?
-1
Evaluate -66 - -66 - (-5 + -1).
6
What is the value of -10 - (9 + -10) - -2?
-7
Evaluate 5 + -3 + -2 + -1.
-1
Calculate 6 + (5 - 4 - 7).
0
17 + -5 + (12 - 32)
-8
-5 + 1 - (-24 - -24)
-4
Evaluate 1 + -3 + 2 - 6 - -2.
-4
Evaluate (2 - (-10 - -8)) + -1 + -1.
2
Evaluate (-4 - -2) + 1 - (-7 - -7).
-1
What is the value of -3 + (1 + 2 - 2) + 6?
4
What is the value of 1 + -1 + -1 + 6 + -2?
3
What is -44 + 39 - (2 + (-3 - -1))?
-5
What is the value of (3 + 0 - (-19 - -22)) + 0?
0
What is the value of 0 - (-2 + 0 - -6)?
-4
What is the value of (-1 - 5) + -2 + 14?
6
What is -2 + (6 + -4 - -3)?
3
What is 9 + (5 - (0 + 9))?
5
What is -3 - 2 - (0 + -6)?
1
Calculate -2 + (1 - (1 + 1)) + 0.
-3
What is -1 + 5 - (-2 + 3)?
3
What is -7 + 1 - ((9 - 22) + 10)?
-3
What is 2 - (6 - (3 - 1))?
-2
1 - 0 - (1 - -3)
-3
Evaluate (0 - (2 - 4)) + 16 + -18.
0
What is the value of -14 - -3 - -11 - (-10 - -1)?
9
What is -3 + 8 + (1 - 13) - 0?
-7
What is the value of (-3 - -9) + -2 + 3 + -1?
6
Calculate 3 + 5 + 3 + -6.
5
What is the value of (-3 - 0) + (6 - 7 - -2)?
-2
(1 - 0) + (2 - 5) - -3
1
What is the value of -7 + 5 + 3 + 0?
1
What is the value of -5 + -1 - (-1 + -4) - -11?
10
Evaluate 2 - (-2 - (-5 - 1)).
-2
Calculate 1 - -1 - (-2 + 5).
-1
23 + (11 - (25 - 0))
9
Calculate -1 - -1 - -1 - (97 + -102).
6
What is (-1 - 5) + 3 - 0?
-3
7 + (-6 - (6 - 3 - 6))
4
5 - (-15 - (-35 - -13))
-2
What is 15 + -21 + (0 - -4)?
-2
Calculate 7 - 2 - (-1 + 2).
4
What is the value of 0 - -9 - (6 - 1)?
4
What is the value of (9 - (3 - 1)) + 14 + -23?
-2
-9 + 0 + 21 - -5 - 6
11
-7 - (3 - (7 - 2))
-5
What is (-20 - -12) + 2 + 2 + 5?
1
Evaluate 9 - 7 - 7 - (1 - 7).
1
What is the value of 9 + 4 + -11 + -1?
1
Calculate -11 - (-1 + (5 - 9)).
-6
What is the value of (-1 - -2 - (-37 + 29)) + -5?
4
Calculate -7 - -14 - -4 - (1 - -4).
6
-4 - (-2 + -1) - 0 - 0
-1
What is 7 - (2 + (3 - 3) + 1)?
4
Evaluate (5 - 3 - 2) + -5 + 0.
-5
Evaluate -8 + 9 + -2 + -4.
-5
Evaluate -16 + 9 + 14 + -13.
-6
What is the value of -3 - (3 + -8 + -1)?
3
13 + -18 - (0 - -1)
-6
What is the value of (-5 - -4) + (16 - 8)?
7
0 - -1 - (5 + -7 + -6)
9
(-1 + 2 + 0 - 0) + -2
-1
-3 + (0 - 2) + 0
-5
Evaluate (0 - -1) + (3 - 8).
-4
Evaluate 0 - -1 - (4 + 5 + -5).
-3
Evaluate 4 - (12 - (12 - 6) - 5).
3
Calculate -1 - -2 - (8 - 4 - 7).
4
What is 1 - (8 + 1 - 2 - 1)?
-5
What is (-6 + -1 + 6 - -3) + 4?
6
Calculate -1 + (2 - (-2 + 3)) - -6.
6
What is 0 + (3 - (0 + 4 + -1))?
0
What is (-1 - -16) + (8 - 15) + -6?
2
What is 25 + -6 - (7 - -6)?
6
(-3 - 0) + -24 + 25
-2
Evaluate (-1 - -4) + (-2 - -4 - 3).
2
What is the value of -1 + 10 + 0 + -4?
5
Evaluate (-1 - 4) + 0 + (24 - 22).
-3
Evaluate (1 - -6 - 6) + -2 + 0.
-1
What is (4 - 2 - -3) + -2?
3
Evaluate -4 + (-8 - (-2 - 11)).
1
Evaluate (-4 - -1 - 0) + (18 - 20).
-5
Calculate 0 + 1 + 2 - 2.
1
Calculate 4 - (-3 + 3 + 1).
3
0 + (-1 + 9 - 6)
2
Evaluate (4 - -4) + -4 - 1.
3
Evaluate (-2 - (0 + -1)) + 3.
2
Calculate (2 - 1) + 2 + 1 + 0.
4
Calculate (-30 - -29) + -4 + 0 + -3.
-8
What is the value of 0 - (0 + -1) - (